 l(a) = -a**2 - 18*a + 3. Let m be l(-18). Calculate b(m).
-5
Let c(n) = 17*n**3 - 54*n**2 - 6*n + 20. Let v(x) = -3*x**3 + 11*x**2 + x - 4. Let h(j) = -2*c(j) - 11*v(j). Determine h(-13).
-9
Let u(f) = -f + 1. Let i(r) be the first derivative of 1/3*r**3 + 0*r**2 + 1/4*r**4 + 2 + 0*r. Let a be i(-2). Determine u(a).
5
Let p = -9 - -10. Let h be (-6)/(p/((-4)/2)). Suppose g - h = 5*g. Let a(t) = t - 3. Give a(g).
-6
Let v(y) = 3*y**2 - 7*y + 4. Let c(k) be the second derivative of -k**4/3 + 4*k**3/3 - 2*k**2 + k. Let w = -46 + 44. Let z(s) = w*c(s) - 3*v(s). What is z(4)?
0
Let o(n) be the first derivative of -n**5/60 + 5*n**4/24 - 2*n**3/3 + 9*n**2/2 + 13. Let w(j) be the second derivative of o(j). Determine w(4).
0
Suppose t = -3*y + 4*t - 3, -2*y + 3*t - 5 = 0. Let k(d) = 5 + 0*d + 2*d + 18*d**2 - 19*d**y - 3. Determine k(4).
-6
Let p(r) = r - 10. Let x be p(10). Let z(b) = -15*b**2 + 4*b + x*b + 30*b**2 - 6 - 16*b**2. Give z(4).
-6
Let y(p) = 3*p - 37. Let z be y(13). Let j(s) = 30*s - 34*s + 4 - 1. What is j(z)?
-5
Let t(d) = d**2 + 2*d - 11. Let a(x) = 4*x - 121. Let z be a(29). Determine t(z).
4
Suppose 38 = 4*u + 2*r, 2*u = r + 12 + 5. Let v(f) = -3*f + 9. Determine v(u).
-18
Let t(k) be the third derivative of k**6/40 + k**5/30 - k**4/12 - k**3/3 - 71*k**2. Give t(-2).
-14
Let l(k) be the third derivative of -k**6/60 + k**5/120 - k**4/24 + 5*k**3/6 + 4*k**2. Let v(i) be the first derivative of l(i). Suppose -3 = t - 4. Give v(t).
-6
Let c(u) be the third derivative of u**6/120 + u**5/60 - u**4/24 - 5*u**3/6 + u**2. Let r = 0 - -60. Let j = r + -60. Give c(j).
-5
Let i = 463 + -477. Let p(z) = -z**3 - 14*z**2 - z + 1. Calculate p(i).
15
Let k be (-17)/(-102) + 110/(-12). Let l(p) be the third derivative of -p**5/60 - 3*p**4/8 - p**3 - 4*p**2 - 7. Determine l(k).
-6
Let l(d) = -d - 4. Let j be l(-2). Let h(k) = -k - 1. Let o(g) = 4 + 4*g + 10*g - 10*g. Let c(b) = j*h(b) - o(b). Determine c(4).
-10
Let f(c) = -4*c**2 - 2*c - 3 - 4*c + 3*c**2 + 2*c. Let b(y) = 2*y + 29. Let u(n) = n + 14. Let p(d) = 6*b(d) - 13*u(d). Let z be p(-6). Calculate f(z).
1
Let n(f) be the third derivative of -13*f**7/5040 + f**6/720 - f**5/30 + 2*f**2. Let g(i) be the third derivative of n(i). Suppose 14*u + 6 + 8 = 0. Give g(u).
14
Let z(k) be the third derivative of -1/360*k**6 + 0*k + 0*k**3 + 0 + 1/24*k**4 + 2*k**2 - 1/60*k**5. Let m(v) be the second derivative of z(v). Determine m(2).
-6
Let o be 3*(((-390)/(-9))/10 - 4). Let u(v) = 5*v - 1. Give u(o).
4
Let o(s) = -18*s**3 - 2*s**2 + 5*s - 4. Let u(r) = 31*r**3 + 4*r**2 - 9*r + 8. Let i(g) = -7*o(g) - 4*u(g). Calculate i(2).
6
Let o(z) = -z**3 - 5*z**2 - 4*z. Let y(h) = -5*h**2 - 2*h - 3. Let f be y(3). Let m = f + 49. Give o(m).
20
Let m = 98 - 95. Let h(v) = 3*v - 11 + 6 + m. What is h(2)?
4
Let a(q) = q**2 - q + 1. Suppose 4*f - 5*w + 82 = -0*w, 0 = -3*f + 5*w - 64. Let p = f + 15. Determine a(p).
13
Let u(m) = -4*m - 1. Suppose 0*y + 2*y + 2 = 0. Let r be (y/1)/(3 + -4). Give u(r).
-5
Let v(p) be the second derivative of p**3/6 - p**2 + p. Let t be v(4). Let w(y) = 3 - 287*y**2 - y + 285*y**2 - 3 + 2*y**3. What is w(t)?
6
Let r = -370 + 371. Let z(j) be the first derivative of -3*j**5/10 + j**4/12 - j**3/3 + j**2/2 + 2*j + 2. Let d(q) be the first derivative of z(q). Give d(r).
-6
Let g(u) be the first derivative of -u**3/3 + u**2/2 - 12*u + 164. Give g(0).
-12
Let r(b) be the first derivative of -b**5/20 - 2*b**4/3 + b**3/3 + b**2 + 21*b + 3. Let u(i) be the first derivative of r(i). Determine u(-8).
-14
Let p(s) = -s - 2 - 2 - 13 + 4. Determine p(0).
-13
Let r = -35 + 38. Let j(g) = g - g**2 + 0 + g**3 + 0*g - r - 4*g. Determine j(-2).
-9
Let i = -110 - -109. Let k(u) = -2*u. What is k(i)?
2
Let q(h) = h**2 + 3*h - 11. Let a(p) = p - 2. Let t(b) = -9*a(b) + q(b). Let g(c) = 5*c**3 + c**2 - 2*c + 1. Let v be g(1). Determine t(v).
2
Let z(m) = -m**2 - 5*m - 3. Let x be z(-4). Suppose 0*f - 3*f = 5*o - 33, -5*o - 15 = -5*f. Let q be (-4 + f)/(2*x). Let s(u) = -7*u. Determine s(q).
-7
Let y(j) = -11*j**2 - 6*j - 6. Let k(x) = -9*x**2 - 5*x - 6. Let z(b) = -6*k(b) + 5*y(b). What is z(0)?
6
Let v(u) = -9*u + 1. Suppose -4*w + 42 = -5*f, -16 = 3*w - 6*w - 4*f. Suppose 2*o - 10 = -w. Determine v(o).
-8
Let a be 2/(-7) - 32/(-14). Let y be a + (0 - 2 - -2). Let k(n) be the second derivative of -n**3/6 + n + 481. What is k(y)?
-2
Let l(u) = 3*u + 4. Let n be 0/2 + -9 + 0. Determine l(n).
-23
Let r(i) = -i + 2. Let l = -40 - 10. Let u be (-3)/5 + (-130)/l. What is r(u)?
0
Let n(c) = 3*c**3 + 8*c**2 + 2*c - 3. Let r be n(-1). Let s(l) = -l**2 + l + 37. Calculate s(r).
37
Let c(b) = -2*b**2 + 2*b**3 - 4*b**2 - 3*b**3 + 7. Let a(v) = -3*v**3 + v**2. Let y be a(-1). Suppose -y*m + 18 = -7*m. Determine c(m).
7
Let f(c) = 3*c**3 + c**2 + 4*c + 2. Suppose 3 + 7 = -10*p. Calculate f(p).
-4
Let r(f) = -6*f - 5. Let s(x) = 5*x + 6. Let z(o) = 4*r(o) + 5*s(o). Let d = -66 - -32. Let h = d + 28. Calculate z(h).
4
Let l(g) = -7*g + 5. Let x be l(7). Let n = x - -36. Let a(p) = -p**3 - 7*p**2 + 8*p - 2. Calculate a(n).
-2
Let i(y) = -y - 9. Let q(h) = 5*h - 2. Let x(p) be the third derivative of p**4/4 - p**3/3 + p**2. Let s(d) = -4*q(d) + 3*x(d). Let w be s(4). Determine i(w).
-3
Let p(h) = 0*h**3 + h**3 + 2 + 0*h**3 + 5*h + 6*h**2. Suppose -a + 1 - 5 = 0. Let f(i) = -i**3 - 5*i**2 - 5*i - 9. Let j be f(a). Determine p(j).
2
Let p be 10/(-3 - -8)*2 + 0. Let k(i) be the third derivative of 0*i - 1/24*i**p - 1/2*i**3 + 0 + 5*i**2. What is k(-2)?
-1
Let k be (-1)/(0 - 3/(-3)). Let b(i) = 5*i**3 - 5*i**2 + 5. Let s(z) = -3*z**3 + 2*z**2 - 2. Let c(a) = -4*b(a) - 10*s(a). What is c(k)?
-10
Let a(l) be the second derivative of -l**3/3 + l**2/2 - 11394*l. Let s(m) = m**2 - 5*m - 4 + 1 + 0. Let b be s(5). Calculate a(b).
7
Let r(b) be the first derivative of -b**2/2 - 10*b + 197. What is r(4)?
-14
Let j(p) be the second derivative of p**5/20 - 13*p**4/12 - p**3/6 - 19*p**2/2 - 102*p. What is j(13)?
-32
Suppose -22*q = -25*q + 6. Let j(d) = 5*d**2 + 3*d - 2. Determine j(q).
24
Let v = -3 + -1. Let f(t) be the third derivative of -1/12*t**4 + 18*t**2 + 1/3*t**3 + 1/15*t**5 + 0*t + 1/120*t**6 + 0. Give f(v).
10
Let c = -3 - -9. Let y(m) = 13*m**3 - m**2 - 6*m - 4. Let v(w) = 23*w**3 - 3*w**2 - 12*w - 8. Let r(u) = -4*v(u) + 7*y(u). Determine r(c).
4
Let p(r) = -r + 12. Let z be p(15). Suppose -4 = -3*v + 2*x, -v + 6 = -3*v - 3*x. Let h(c) = v + 3 + c**2 - 2*c**2. Determine h(z).
-6
Let z(j) = -25*j**2 + 6*j. Let y(d) = 5*d**2 - d. Let s(q) = 2*q + 17. Let h be s(-3). Let x(k) = h*y(k) + 2*z(k). Determine x(-1).
4
Let h(v) = v + 17. Let k = -1172 + 1163. Calculate h(k).
8
Let x(a) be the third derivative of -a**4/24 + a**3/6 + 126*a**2. Give x(-6).
7
Suppose -2*k + 18 = -4*i, 2*i - 6*k = -2*k + 6. Let v(u) = -4*u + u**3 - 55*u**2 + 107 + 31*u**2 - 97 + 30*u**2. Determine v(i).
-11
Let a(j) = -7*j + 5 - j + 15 + 4*j + 3*j. Calculate a(12).
8
Let s(l) = -9*l + 30. Let n(d) = -7*d + 29. Let z(g) = -5*n(g) + 4*s(g). Calculate z(-17).
-8
Suppose 10 = 4*t + 2*c, 5*c + 19 = 2*t - 16. Let d(m) = 2*m**2 + 5*m - 4. Let b be d(-4). Let r(s) = s - 10 + b + 0*s - 10. Give r(t).
-7
Let j = 230 + -229. Let x(g) = 17*g + 1. Give x(j).
18
Let l(i) = -9*i**3 + 2*i**2 + i. Suppose r + 12 = 3*r. Suppose 3*u - 3*v = 12, -4*v - 18 = -3*u - 1. Let d be (u + -1)*3/r. What is l(d)?
10
Let c be (20/1)/(-3 + 5). Let n be (-6)/(-18) + c/6. Let g(f) = -5*f - 5 - 7*f**n - 3 - 4*f**3 + 3 + 3*f**3. Calculate g(-6).
-11
Let t be 1 - 6/(2 + 1). Let g(v) = -14*v**3 - 3*v**2 - 14*v + 37. Let p(i) = 4*i**3 + i**2 + 5*i - 13. Let l(f) = 6*g(f) + 17*p(f). What is l(t)?
15
Let u(p) = -20*p**2 - 6*p - 18. Let l(g) = -10*g**2 - 4*g - 10. Let v(i) = -7*l(i) + 4*u(i). What is v(2)?
-34
Suppose 4*m + 0*m + 12 = 0. Let o be 10/(-4)*(m - 36/(-20)). Let g(h) = h**3 - h**2 + 1. Give g(o).
19
Let f(k) be the third derivative of 1/6*k**3 + 0 + 1/8*k**4 + 7*k**2 + 0*k + 1/360*k**6 + 1/30*k**5. Let x(j) be the first derivative of f(j). What is x(-4)?
3
Suppose 5*t + 162 = y, -y = -2*t - 70 + 7. Let v = t - -32. Let f(s) = -3*s**3 - s**2 - s. Give f(v).
3
Suppose -3*b - 180 = -8*b. Suppose 3*k = -k + b. Let m(z) = -2*z - 6*z + 8 - k. Give m(-1).
7
Suppose 0 = -2*a - 2*a - 4*m - 4, -